71752, -22*h - 181178 = -2*c - 26*h. Is c prime?
True
Let h(i) = 1918*i - 753. Is h(22) composite?
False
Suppose -5*u = -q - 43, 0 = -4*u + 4*q + 26 + 2. Let a = 13 - u. Suppose -a*x + 1117 = 5*p, 2*x + 0*x + 215 = p. Is p a composite number?
True
Let p be 2 - (-2 + -3 + 1 + -893). Suppose -s + p = -324. Suppose -b - 2260 = -4*w + s, -2*w + 2*b + 1740 = 0. Is w prime?
False
Let f = 63 + -64. Let h be -2 - f - (-3 + 11). Is (-10799)/(-4) + h/12 a prime number?
True
Let o(x) = 2014*x**2 + 50*x + 229. Is o(-5) composite?
False
Let s(a) = a**2 + 12*a + 19. Let l be s(-11). Is 45406/7 + (59/7 - l) a composite number?
True
Suppose 0 = 49*u + 46*u - 3329845. Is u composite?
False
Let y = -205947 - -340958. Is y prime?
False
Is ((-24158029)/196)/(5/(-20)) prime?
True
Suppose k - 1 = -0, -k + 26677 = 2*r. Let l = r + -1487. Is l composite?
True
Let n(x) = 5248*x - 107. Let c(r) = 20991*r - 431. Let g(j) = 2*c(j) - 9*n(j). Is g(-5) composite?
True
Let x = -422223 + 657478. Is x composite?
True
Let m = -215 + 220. Suppose 11*p = m*l + 9*p - 41319, -3*p = -4*l + 33058. Is l a prime number?
True
Let o = -612 + 618. Suppose o*m - 11*m = -5015. Is m composite?
True
Let b(o) = -o**3 + 17*o**2 + 18*o. Let d be b(18). Suppose 4*r - 32228 = -k - d*k, -2*r + 16114 = -3*k. Is r prime?
False
Let q(m) = m**2 + 12*m + 35. Let l be q(-8). Suppose -2*u - d = -17352, -6*d + 26006 = l*u - 10*d. Is u a composite number?
True
Let s be (8*(-5)/70)/(4/(-14)). Suppose -4 = -g, g + 2 = -s*l + 3*g. Suppose 0*r - l*r + 2*a = -107, 0 = 4*r + 5*a - 112. Is r a composite number?
True
Let g(n) = 13074*n + 253. Is g(5) prime?
False
Let b = 802831 - 435278. Is b a prime number?
False
Let w = 23182 + -11639. Suppose 9*n - w = -8*n. Is n a prime number?
False
Let f = 64741 - 34374. Is f prime?
True
Let w(m) = 520*m - 3. Let t(c) = -520*c + 3. Let g(o) = 3*t(o) + 2*w(o). Let n(j) = -3*j**2 - 14*j - 16. Let z be n(-3). Is g(z) a composite number?
False
Suppose -8025 = 13*h - 8*h. Let l be (-3 - -2)*(-268)/(-10)*40. Let q = l - h. Is q a prime number?
False
Suppose 388*n = 5*b + 389*n - 1537388, -4*b + 1229917 = 3*n. Is b composite?
True
Let p = -132 - -87. Suppose -568 - 92 = -15*c. Let w = c - p. Is w a prime number?
True
Let c = 76095 - 32242. Is c a prime number?
True
Let a(b) = -4*b**3 + b**2 + 4*b + 3. Let g be a(-1). Is (-10762)/8*(9 + -9 - g) prime?
True
Let v(g) be the first derivative of 143/3*g**3 + 22*g + 12 + 2*g**2. Is v(-3) a prime number?
True
Let z(o) = -264*o + 248. Let m(v) = -264*v + 243. Let s(g) = -3*m(g) + 4*z(g). Is s(-24) prime?
True
Let m(x) = -6*x**2 - 70*x**3 - 31 - 8 + 7*x - 30*x**2 + 38*x**3 + 29*x**3. Is m(-17) composite?
False
Suppose 3*w - 234331 - 579893 = o, -o = 3. Is w a prime number?
False
Let m be (-121)/22 + (-2)/(-4) + -987. Suppose z = 4*g - 23, -5*z - 10 = -0*g + g. Is m/z + 4/(16 - 4) a composite number?
False
Let s(f) = -f**3 + 4*f**2 + 11*f + 6. Let c be s(6). Suppose l + 65323 = 4*g, c*g - 81657 = -5*g - 2*l. Is g a prime number?
False
Suppose -3*g - 5*k = -29867, 23*g = 24*g - 5*k - 9989. Is g - (-11 + 14 + -6) composite?
False
Let j be (51 + -1)/((-17)/(-17)). Is ((-21766)/(-4))/(5*5/j) a composite number?
False
Is -1 - -21624 - (-70 - -76) prime?
True
Let p(o) = 6*o**2 + 15*o + 113. Suppose 6*n = 4*n - 2*j - 18, -3*n = 5*j + 21. Is p(n) composite?
False
Is ((-24282559)/(-2884))/((-6)/8 + 1) composite?
False
Let t(l) = -1478*l**3 - 10*l**2 - 32*l - 1. Let q be t(-4). Suppose 22*k = q - 2533. Is k a composite number?
True
Let n(p) = 37106*p - 3565. Is n(29) a composite number?
True
Let l(i) = 170*i - 82*i + 77 - 82*i + 29*i**2. Is l(-12) composite?
True
Suppose -3429621 = -3*g - 2*q, -486*q + 485*q - 1143197 = -g. Is g a composite number?
True
Suppose 4139 = a + 4*w, 0 = -5*a - 8*w + 7*w + 20657. Suppose 3*d - a - 2382 = 0. Is d a composite number?
True
Suppose 2*p = -7*p + 1026. Let h = 99 - p. Is 2/(10/h) - -1090 prime?
True
Let j = -188 + 191. Suppose 26*y - 180 = -j*n + 23*y, 0 = 5*n - 3*y - 340. Is n composite?
True
Suppose 4*j = -4*p + 251076, 4*j + 94415 + 31147 = 2*p. Is p a composite number?
False
Let t be (37*(-101 + -2))/(8/(-160)). Let q be t/16 - 2/(-8). Suppose -2*l = 4*l - q. Is l composite?
True
Let c be (0 - 620/3)/(12/36). Let x = c + 868. Suppose -m + 339 = -x. Is m prime?
True
Suppose -4*q + 246 = -5*a, -8 = -q - q. Is a + 48 + (-4)/((-8)/1770) prime?
True
Let k(l) = 2*l**3 - l**2 + 2*l + 6695. Let j be k(0). Let a = j + -3430. Is a prime?
False
Let f(o) = o**3 - 14*o**2 - 6*o + 22. Suppose -5*s = -4*t + 15 + 32, 3*s = -3*t + 42. Let q be f(t). Let g = 12 - q. Is g composite?
True
Suppose 514*b - 675306 = -3*c + 511*b, 0 = -c - 4*b + 225105. Is c a composite number?
True
Let f(c) = -8458*c - 919. Is f(-11) composite?
False
Let z(u) = 2*u**3 - 66*u**2 - 151*u + 326. Is z(65) a prime number?
False
Suppose 9*k - h = 6*k + 27001, -2*k = -2*h - 18006. Is k prime?
True
Let y(r) = 207*r**2 - 46*r - 71. Is y(-10) prime?
True
Suppose -3*u - h + 336541 = 0, -3*u + 13*h - 8*h = -336553. Is u composite?
False
Let x(s) = 1716*s - 4711. Is x(13) composite?
False
Let j(c) = -c**3 + 182*c**2 + 145*c - 643. Is j(104) a prime number?
False
Suppose 43 = -5*c - s, 2 = -c + s - 3. Is (c/(-20))/((-6)/(-176025)) a composite number?
True
Let t = -2707 - -4694. Let f = t - 1116. Is f prime?
False
Suppose -5*p + 617249 = u, 223*u - 222*u - 4 = 0. Is p composite?
False
Is (-28)/56 + (-5)/(-4) - (-2619645)/20 prime?
False
Suppose 4471 = d + 7*q - 4187, -d = -4*q - 8735. Is d a prime number?
True
Suppose -12*w = g - 9*w + 8628, 0 = -4*g + 5*w - 34546. Let s = 893 - g. Is s a composite number?
True
Let a(v) be the second derivative of v**6/120 - v**5/6 - 7*v**4/12 + 11*v**3/3 - 27*v. Let c(g) be the second derivative of a(g). Is c(10) a prime number?
False
Let a(s) = 7761*s**2 - 32*s - 44. Is a(-7) a composite number?
True
Let f(n) = n**3 + 6*n**2 + 7*n + 17. Let r be f(-5). Is (7 - -14)/r + 3898 a prime number?
False
Let c be (1/3)/(((-24)/162)/(-4)). Let a be (-10)/(-45) + 16/c. Is 121100/120 + a/(-12) prime?
True
Suppose 3*i = 4*o + 7248, -5*i + 0*o + 12051 = 3*o. Let n(b) = -801*b - 36. Let q be n(-10). Suppose i = 9*g - q. Is g prime?
False
Let i(j) = -j**2 + 15*j + 16. Let w be i(12). Let o = w - 50. Suppose 3*x - 2*x = -o*p + 8533, -5*x - 8563 = -2*p. Is p prime?
False
Let l(r) = 13*r - 11. Let w be l(1). Is (w/(-14))/((-34)/14247394) a prime number?
True
Let x(y) = -1031*y - 9. Suppose 28 = 4*b + c, 0 = b - 4*c + c - 20. Suppose -8*g = -2*p - 4*g - 4, 4*p + 3*g = -b. Is x(p) prime?
True
Suppose 3*c - 9 = 0, 4*l - 41 + 13 = -4*c. Suppose -5*n + 1984 = -l*b, -4*n + 5*b + 568 = -1012. Suppose 4*y - 802 = -4*z + 2*y, n = 2*z + 2*y. Is z prime?
False
Suppose 0 = -3*y + 4*r + 5, 2*y + 18 = -3*r - 7. Is (-4)/(-8)*(y + 18787) prime?
True
Let t = -73620 + 136103. Is t prime?
True
Suppose -3*v + 1552 = 4*p, 3*v - 3*p - 1568 = p. Is (1 - v)*-8 + -1 a prime number?
False
Let j(i) = -9*i**2 - 12*i**2 + i**3 + 148*i - 195*i + 13. Is j(24) composite?
False
Suppose 14*l = 9*l - 5*x + 165835, x + 99509 = 3*l. Is l a composite number?
True
Let d(w) = 22*w + 31. Let n(r) = r**3 + r**2 + r + 24. Let x be n(0). Let k be ((-28)/x)/(-7) + (-41)/(-6). Is d(k) prime?
False
Let i be (3 - (-411)/27) + (-4)/18. Suppose -6 = -2*h - i. Is (-44)/(-2) - 3/6*h a composite number?
True
Let r(y) = -y**3 - 16*y**2 + 53*y - 25. Is r(-23) a composite number?
False
Let n be (2 - (-7)/(-2))*180/27. Let b(c) = 2*c**3 - 3*c**2 - 6*c - 17. Let u(q) = -q**3 + 2*q**2 + 3*q + 9. Let t(g) = 2*b(g) + 5*u(g). Is t(n) a prime number?
True
Let s = 0 - -4. Suppose -s*m - j + 19729 = -m, 3*j + 19713 = 3*m. Is ((-8)/(160/m))/((-1)/4) a composite number?
True
Suppose 3*a = 3*x + 253566, -3*a = a + 4*x - 338080. Is a prime?
True
Suppose -4*f - 2*x + 32 = 0, -f + 2*f - 3*x = 8. Let s be -5 + f - 0/1. Suppose 4*m + s*o - 336 = m, -3*o + 451 = 4*m. Is m composite?
True
Let a = 46301 + 645. Is a prime?
False
Let x(h) = 20*h**2 - 6*h + 1. Let b(o) = o. Let j = -27 - -30. Let r be b(j). Is x(r) a composite number?
False
Suppose 34 - 14 = 4*j. Let n be (-9 + j)/((-4)/5). Is (-2418)/(-21) + n/(-35) prime?
False
Suppose 3*n = -n - 4*u - 4, 4*u = 4*n - 36. Let k(b) = -n*b + 3*b - 118 + 119 - 704*b**2 + 2